{"id":171,"date":"2024-08-21T17:15:13","date_gmt":"2024-08-21T14:15:13","guid":{"rendered":"http:\/\/akdemirkumas.com\/?page_id=171"},"modified":"2024-08-21T17:36:46","modified_gmt":"2024-08-21T14:36:46","slug":"misyon-vizyon","status":"publish","type":"page","link":"https:\/\/akdemirkumas.com\/?page_id=171","title":{"rendered":"Misyon &#038; Vizyon"},"content":{"rendered":"\t\t<div data-elementor-type=\"wp-page\" data-elementor-id=\"171\" class=\"elementor elementor-171\" data-elementor-post-type=\"page\">\n\t\t\t\t\t\t<section class=\"elementor-section elementor-top-section elementor-element elementor-element-174ce819 elementor-section-boxed elementor-section-height-default elementor-section-height-default magic-button-disabled-no\" data-id=\"174ce819\" data-element_type=\"section\" data-settings=\"{&quot;background_background&quot;:&quot;classic&quot;}\">\n\t\t\t\t\t\t\t<div class=\"elementor-background-overlay\"><\/div>\n\t\t\t\t\t\t\t<div class=\"elementor-container elementor-column-gap-default\">\n\t\t\t\t\t<div class=\"elementor-column elementor-col-100 elementor-top-column elementor-element elementor-element-145718b2\" data-id=\"145718b2\" data-element_type=\"column\">\n\t\t\t<div class=\"elementor-widget-wrap elementor-element-populated\">\n\t\t\t\t\t\t<section class=\"elementor-section elementor-inner-section elementor-element elementor-element-42a06854 elementor-section-boxed elementor-section-height-default elementor-section-height-default magic-button-disabled-no\" data-id=\"42a06854\" data-element_type=\"section\">\n\t\t\t\t\t\t<div class=\"elementor-container elementor-column-gap-no\">\n\t\t\t\t\t<div class=\"elementor-column elementor-col-100 elementor-inner-column elementor-element elementor-element-1f07c43a\" data-id=\"1f07c43a\" data-element_type=\"column\">\n\t\t\t<div class=\"elementor-widget-wrap elementor-element-populated\">\n\t\t\t\t\t\t<div class=\"elementor-element elementor-element-464fc590 animated-slow elementor-invisible elementor-widget elementor-widget-jkit_heading\" data-id=\"464fc590\" data-element_type=\"widget\" data-settings=\"{&quot;_animation&quot;:&quot;fadeInLeft&quot;}\" data-widget_type=\"jkit_heading.default\">\n\t\t\t\t<div class=\"elementor-widget-container\">\n\t\t\t<div  class=\"jeg-elementor-kit jkit-heading  align- align-tablet- align-mobile- jeg_module___6a00b07c5fd9c\" ><div class=\"heading-section-title  display-inline-block\"><h5 class=\"heading-title\">Akdemir Kuma\u015f<\/h5><\/div><div class=\"heading-section-separator\"><div class=\"separator-wrapper style-solid\"><\/div><\/div><\/div>\t\t<\/div>\n\t\t\t\t<\/div>\n\t\t\t\t<div class=\"elementor-element elementor-element-3cf8b9f2 elementor-widget elementor-widget-heading\" data-id=\"3cf8b9f2\" data-element_type=\"widget\" data-widget_type=\"heading.default\">\n\t\t\t\t<div class=\"elementor-widget-container\">\n\t\t\t<h2 class=\"elementor-heading-title elementor-size-default\">Kalitenin \u0130zinde, Denimin Kalbinde.<\/h2>\t\t<\/div>\n\t\t\t\t<\/div>\n\t\t\t\t\t<\/div>\n\t\t<\/div>\n\t\t\t\t\t<\/div>\n\t\t<\/section>\n\t\t\t\t<section class=\"elementor-section elementor-inner-section elementor-element elementor-element-55775b9f elementor-section-content-bottom elementor-section-boxed elementor-section-height-default elementor-section-height-default magic-button-disabled-no\" data-id=\"55775b9f\" data-element_type=\"section\">\n\t\t\t\t\t\t<div class=\"elementor-container elementor-column-gap-no\">\n\t\t\t\t\t<div class=\"elementor-column elementor-col-50 elementor-inner-column elementor-element elementor-element-62073f4f animated-slow elementor-invisible\" data-id=\"62073f4f\" data-element_type=\"column\" data-settings=\"{&quot;animation&quot;:&quot;fadeInRight&quot;,&quot;animation_delay&quot;:40}\">\n\t\t\t<div class=\"elementor-widget-wrap elementor-element-populated\">\n\t\t\t\t\t\t<div class=\"elementor-element elementor-element-7a483489 jkit-equal-height-disable elementor-widget elementor-widget-jkit_icon_box\" data-id=\"7a483489\" data-element_type=\"widget\" data-widget_type=\"jkit_icon_box.default\">\n\t\t\t\t<div class=\"elementor-widget-container\">\n\t\t\t<div  class=\"jeg-elementor-kit jkit-icon-box icon-position- elementor-animation- jeg_module__1_6a00b07c65799\" ><div class=\"jkit-icon-box-wrapper hover-from-bottom\"><div class=\"icon-box icon-box-header elementor-animation-\"><div class=\"icon style-color\"><img fetchpriority=\"high\" decoding=\"async\" width=\"300\" height=\"224\" src=\"https:\/\/akdemirkumas.com\/wp-content\/uploads\/2024\/08\/sew-T5LCRK.png\" class=\"attachment-full size-full\" alt=\"Misyonumuz\" url=\"http:\/\/akdemirkumas.com\/wp-content\/uploads\/2024\/08\/sew-T5LCRK.png\" \/><\/div><\/div><div class=\"icon-box icon-box-body\">\n                <h3 class=\"title\">Misyonumuz<\/h3><p class=\"icon-box-description\">Akdemir Kuma\u015f olarak, denim sekt\u00f6r\u00fcnde y\u00fcksek kalite ve yenilik\u00e7i \u00e7\u00f6z\u00fcmler sunarak, m\u00fc\u015fterilerimizin beklentilerini a\u015fmay\u0131 hedefliyoruz. \u00dcretim s\u00fcre\u00e7lerimizde s\u00fcrd\u00fcr\u00fclebilirlik ve \u00e7evre dostu uygulamalar\u0131 \u00f6n planda tutarken, modan\u0131n vazge\u00e7ilmez par\u00e7as\u0131 olan denim kuma\u015flar\u0131n\u0131 estetik ve fonksiyonellikle bulu\u015fturuyoruz. M\u00fc\u015fterilerimize de\u011fer katmak, g\u00fcvenilir i\u015f ortakl\u0131klar\u0131 kurmak ve sekt\u00f6rde kal\u0131c\u0131 bir iz b\u0131rakmak, en temel g\u00f6revimizdir.<br \/>\n<br \/>\n<br \/>\n<br \/>\n<br \/>\n<\/p>\n            <\/div>\n            \n            <div class=hover-watermark>\n                <svg aria-hidden=\"true\" class=\"e-font-icon-svg e-far-map\" viewBox=\"0 0 576 512\" xmlns=\"http:\/\/www.w3.org\/2000\/svg\"><path d=\"M560.02 32c-1.96 0-3.98.37-5.96 1.16L384.01 96H384L212 35.28A64.252 64.252 0 0 0 191.76 32c-6.69 0-13.37 1.05-19.81 3.14L20.12 87.95A32.006 32.006 0 0 0 0 117.66v346.32C0 473.17 7.53 480 15.99 480c1.96 0 3.97-.37 5.96-1.16L192 416l172 60.71a63.98 63.98 0 0 0 40.05.15l151.83-52.81A31.996 31.996 0 0 0 576 394.34V48.02c0-9.19-7.53-16.02-15.98-16.02zM224 90.42l128 45.19v285.97l-128-45.19V90.42zM48 418.05V129.07l128-44.53v286.2l-.64.23L48 418.05zm480-35.13l-128 44.53V141.26l.64-.24L528 93.95v288.97z\"><\/path><\/svg>\n            <\/div><\/div><\/div>\t\t<\/div>\n\t\t\t\t<\/div>\n\t\t\t\t\t<\/div>\n\t\t<\/div>\n\t\t\t\t<div class=\"elementor-column elementor-col-50 elementor-inner-column elementor-element elementor-element-1105196 animated-slow elementor-invisible\" data-id=\"1105196\" data-element_type=\"column\" data-settings=\"{&quot;animation&quot;:&quot;fadeInRight&quot;,&quot;animation_delay&quot;:40}\">\n\t\t\t<div class=\"elementor-widget-wrap elementor-element-populated\">\n\t\t\t\t\t\t<div class=\"elementor-element elementor-element-308977c jkit-equal-height-disable elementor-widget elementor-widget-jkit_icon_box\" data-id=\"308977c\" data-element_type=\"widget\" data-widget_type=\"jkit_icon_box.default\">\n\t\t\t\t<div class=\"elementor-widget-container\">\n\t\t\t<div  class=\"jeg-elementor-kit jkit-icon-box icon-position- elementor-animation- jeg_module__2_6a00b07c67daa\" ><div class=\"jkit-icon-box-wrapper hover-from-bottom\"><div class=\"icon-box icon-box-header elementor-animation-\"><div class=\"icon style-color\"><img decoding=\"async\" width=\"300\" height=\"224\" src=\"https:\/\/akdemirkumas.com\/wp-content\/uploads\/2024\/08\/sew-T5LCRK.png\" class=\"attachment-full size-full\" alt=\"Vizyonumuz\" url=\"http:\/\/akdemirkumas.com\/wp-content\/uploads\/2024\/08\/sew-T5LCRK.png\" \/><\/div><\/div><div class=\"icon-box icon-box-body\">\n                <h3 class=\"title\">Vizyonumuz<\/h3><p class=\"icon-box-description\">Global pazarda lider bir denim tedarik\u00e7isi olmay\u0131 hedefleyen Akdemir Kuma\u015f, yenilik\u00e7i ve kaliteli \u00fcr\u00fcnleriyle sekt\u00f6rde fark yaratmay\u0131 ama\u00e7lar. Gelece\u011fin trendlerini yak\u0131ndan takip ederek, denim modas\u0131nda \u00f6nc\u00fc rol oynamak ve s\u00fcrd\u00fcr\u00fclebilir \u00fcretim y\u00f6ntemleri ile \u00e7evreye duyarl\u0131 bir marka olarak tan\u0131nmak vizyonumuzun temel ta\u015flar\u0131n\u0131 olu\u015fturur. M\u00fc\u015fteri odakl\u0131 bir yakla\u015f\u0131m ve s\u00fcrekli geli\u015fim ile sekt\u00f6rdeki varl\u0131\u011f\u0131m\u0131z\u0131 daha da g\u00fc\u00e7lendirmeyi hedefliyoruz.<br \/>\n<br \/>\n<br \/>\n<br \/>\n<\/p>\n            <\/div>\n            \n            <div class=hover-watermark>\n                <svg aria-hidden=\"true\" class=\"e-font-icon-svg e-far-map\" viewBox=\"0 0 576 512\" xmlns=\"http:\/\/www.w3.org\/2000\/svg\"><path d=\"M560.02 32c-1.96 0-3.98.37-5.96 1.16L384.01 96H384L212 35.28A64.252 64.252 0 0 0 191.76 32c-6.69 0-13.37 1.05-19.81 3.14L20.12 87.95A32.006 32.006 0 0 0 0 117.66v346.32C0 473.17 7.53 480 15.99 480c1.96 0 3.97-.37 5.96-1.16L192 416l172 60.71a63.98 63.98 0 0 0 40.05.15l151.83-52.81A31.996 31.996 0 0 0 576 394.34V48.02c0-9.19-7.53-16.02-15.98-16.02zM224 90.42l128 45.19v285.97l-128-45.19V90.42zM48 418.05V129.07l128-44.53v286.2l-.64.23L48 418.05zm480-35.13l-128 44.53V141.26l.64-.24L528 93.95v288.97z\"><\/path><\/svg>\n            <\/div><\/div><\/div>\t\t<\/div>\n\t\t\t\t<\/div>\n\t\t\t\t\t<\/div>\n\t\t<\/div>\n\t\t\t\t\t<\/div>\n\t\t<\/section>\n\t\t\t\t\t<\/div>\n\t\t<\/div>\n\t\t\t\t\t<\/div>\n\t\t<\/section>\n\t\t\t\t<\/div>\n\t\t","protected":false},"excerpt":{"rendered":"<p>Akdemir Kuma\u015f Kalitenin \u0130zinde, Denimin Kalbinde. Misyonumuz Akdemir Kuma\u015f olarak, denim sekt\u00f6r\u00fcnde y\u00fcksek kalite ve yenilik\u00e7i \u00e7\u00f6z\u00fcmler sunarak, m\u00fc\u015fterilerimizin beklentilerini a\u015fmay\u0131 hedefliyoruz. \u00dcretim s\u00fcre\u00e7lerimizde s\u00fcrd\u00fcr\u00fclebilirlik ve \u00e7evre dostu uygulamalar\u0131 \u00f6n planda tutarken, modan\u0131n vazge\u00e7ilmez par\u00e7as\u0131 olan denim kuma\u015flar\u0131n\u0131 estetik ve fonksiyonellikle bulu\u015fturuyoruz. M\u00fc\u015fterilerimize de\u011fer katmak, g\u00fcvenilir i\u015f ortakl\u0131klar\u0131 kurmak ve sekt\u00f6rde kal\u0131c\u0131 bir iz b\u0131rakmak, [&hellip;]<\/p>\n","protected":false},"author":1,"featured_media":0,"parent":0,"menu_order":0,"comment_status":"closed","ping_status":"closed","template":"","meta":{"footnotes":""},"class_list":["post-171","page","type-page","status-publish","hentry"],"_links":{"self":[{"href":"https:\/\/akdemirkumas.com\/index.php?rest_route=\/wp\/v2\/pages\/171","targetHints":{"allow":["GET"]}}],"collection":[{"href":"https:\/\/akdemirkumas.com\/index.php?rest_route=\/wp\/v2\/pages"}],"about":[{"href":"https:\/\/akdemirkumas.com\/index.php?rest_route=\/wp\/v2\/types\/page"}],"author":[{"embeddable":true,"href":"https:\/\/akdemirkumas.com\/index.php?rest_route=\/wp\/v2\/users\/1"}],"replies":[{"embeddable":true,"href":"https:\/\/akdemirkumas.com\/index.php?rest_route=%2Fwp%2Fv2%2Fcomments&post=171"}],"version-history":[{"count":11,"href":"https:\/\/akdemirkumas.com\/index.php?rest_route=\/wp\/v2\/pages\/171\/revisions"}],"predecessor-version":[{"id":197,"href":"https:\/\/akdemirkumas.com\/index.php?rest_route=\/wp\/v2\/pages\/171\/revisions\/197"}],"wp:attachment":[{"href":"https:\/\/akdemirkumas.com\/index.php?rest_route=%2Fwp%2Fv2%2Fmedia&parent=171"}],"curies":[{"name":"wp","href":"https:\/\/api.w.org\/{rel}","templated":true}]}}